{"id":1109,"date":"2022-09-27T20:54:12","date_gmt":"2022-09-27T18:54:12","guid":{"rendered":"https:\/\/rod-bazant.pl\/?page_id=1109"},"modified":"2022-09-29T22:17:37","modified_gmt":"2022-09-29T20:17:37","slug":"ogrodowa-instalacja-wodna","status":"publish","type":"page","link":"https:\/\/rod-bazant.pl\/?page_id=1109","title":{"rendered":"Ogrodowa instalacja wodna"},"content":{"rendered":"<p><a href=\"https:\/\/rod-bazant.pl\/wp-content\/uploads\/2022\/09\/WNIOSEK-O-WODE.pdf\" target=\"_blank\" rel=\"noopener\"><strong>Wniosek o wod\u0119.pdf<\/strong><\/a><\/p>\n<p><a href=\"https:\/\/rod-bazant.pl\/wp-content\/uploads\/2022\/09\/REGULAMIN-KORZYSTANIA-Z-WODY-W-ROD.pdf\" target=\"_blank\" rel=\"noopener\"><strong>Regulamin korzystania z wody.pdf<\/strong><\/a><\/p>\n<p><a href=\"https:\/\/rod-bazant.pl\/wp-content\/uploads\/2022\/09\/UMOWA-na-wode-Nr.pdf\" target=\"_blank\" rel=\"noopener\"><strong>Umowa na wod\u0119 wz\u00f3r.pdf<\/strong><\/a><\/p>\n<p>&nbsp;<\/p>\n","protected":false},"excerpt":{"rendered":"<p>Wniosek o wod\u0119.pdf Regulamin korzystania z wody.pdf Umowa na wod\u0119 wz\u00f3r.pdf &nbsp;<\/p>\n","protected":false},"author":4,"featured_media":0,"parent":0,"menu_order":0,"comment_status":"closed","ping_status":"closed","template":"","meta":{"footnotes":""},"class_list":["post-1109","page","type-page","status-publish","hentry"],"_links":{"self":[{"href":"https:\/\/rod-bazant.pl\/index.php?rest_route=\/wp\/v2\/pages\/1109","targetHints":{"allow":["GET"]}}],"collection":[{"href":"https:\/\/rod-bazant.pl\/index.php?rest_route=\/wp\/v2\/pages"}],"about":[{"href":"https:\/\/rod-bazant.pl\/index.php?rest_route=\/wp\/v2\/types\/page"}],"author":[{"embeddable":true,"href":"https:\/\/rod-bazant.pl\/index.php?rest_route=\/wp\/v2\/users\/4"}],"replies":[{"embeddable":true,"href":"https:\/\/rod-bazant.pl\/index.php?rest_route=%2Fwp%2Fv2%2Fcomments&post=1109"}],"version-history":[{"count":0,"href":"https:\/\/rod-bazant.pl\/index.php?rest_route=\/wp\/v2\/pages\/1109\/revisions"}],"wp:attachment":[{"href":"https:\/\/rod-bazant.pl\/index.php?rest_route=%2Fwp%2Fv2%2Fmedia&parent=1109"}],"curies":[{"name":"wp","href":"https:\/\/api.w.org\/{rel}","templated":true}]}}